703721
List the prime factors of 185709619.
7673, 24203
List the prime factors of 38292120.
2, 3, 5, 106367
What are the prime factors of 51394030?
2, 5, 43, 47, 2543
What are the prime factors of 361903981?
53, 6828377
What are the prime factors of 75550189?
11, 13, 37, 109, 131
What are the prime factors of 92260561?
19, 307, 15817
What are the prime factors of 6369873069?
3, 7, 23, 43, 306701
List the prime factors of 173032817.
17, 43, 236707
What are the prime factors of 3681353757?
3, 17, 23, 29, 31, 3491
What are the prime factors of 21823185?
3, 5, 107, 13597
List the prime factors of 33197697.
3, 13, 283741
What are the prime factors of 42190430?
2, 5, 17, 248179
List the prime factors of 5074974773.
11, 53, 79, 251, 439
What are the prime factors of 700608985?
5, 257, 709, 769
What are the prime factors of 290245284?
2, 3, 7, 17, 67751
What are the prime factors of 477509795?
5, 7, 29, 470453
What are the prime factors of 853144725?
3, 5, 43, 127, 2083
List the prime factors of 3481986630.
2, 3, 5, 116066221
List the prime factors of 1361736509.
7, 79, 351779
What are the prime factors of 485100160?
2, 5, 47, 16127
What are the prime factors of 788116229?
23, 283, 121081
What are the prime factors of 286600062?
2, 3, 7, 1303, 5237
List the prime factors of 212410771.
71, 2991701
What are the prime factors of 3284189452?
2, 59, 2741, 5077
What are the prime factors of 3556775368?
2, 37, 137, 139, 631
List the prime factors of 29952798.
2, 3, 4992133
List the prime factors of 950643638.
2, 7, 17, 463, 8627
List the prime factors of 197501828.
2, 23, 2146759
What are the prime factors of 45390186?
2, 3, 563, 1493
List the prime factors of 383104813.
7, 13, 23, 183041
List the prime factors of 957309576.
2, 3, 17, 2346347
List the prime factors of 241668074.
2, 120834037
What are the prime factors of 356506336?
2, 71, 156913
List the prime factors of 99800605.
5, 3863, 5167
List the prime factors of 110385040.
2, 5, 1379813
What are the prime factors of 64181106?
2, 3, 11, 167, 647
What are the prime factors of 84634356?
2, 3, 1129, 6247
List the prime factors of 548681904.
2, 3, 1270097
List the prime factors of 449993994.
2, 3, 2789, 26891
What are the prime factors of 1537284721?
7, 17, 12918359
What are the prime factors of 581906887?
18679, 31153
List the prime factors of 71048248.
2, 101, 87931
List the prime factors of 31009703.
31, 1000313
What are the prime factors of 37085242?
2, 199, 93179
List the prime factors of 1973316270.
2, 3, 5, 65777209
List the prime factors of 1354974941.
1217, 1113373
List the prime factors of 113316547.
113316547
List the prime factors of 679543900.
2, 5, 7, 970777
What are the prime factors of 204076688?
2, 12754793
What are the prime factors of 57429949?
31, 1852579
What are the prime factors of 604003206?
2, 3, 100667201
What are the prime factors of 5011079202?
2, 3, 92797763
List the prime factors of 9024596025.
3, 5, 120327947
List the prime factors of 4707109406.
2, 2353554703
What are the prime factors of 3630415844?
2, 11, 82509451
What are the prime factors of 158360393?
3917, 40429
List the prime factors of 668778251.
29, 1381, 16699
What are the prime factors of 837145020?
2, 3, 5, 73, 131, 1459
List the prime factors of 258973421.
7, 36996203
What are the prime factors of 149771396?
2, 37442849
What are the prime factors of 66166292?
2, 41, 79, 5107
What are the prime factors of 297201639?
3, 7, 113, 125243
What are the prime factors of 7798988?
2, 17, 114691
What are the prime factors of 4426719725?
5, 23, 7698643
List the prime factors of 596864204.
2, 31, 4813421
What are the prime factors of 2642167100?
2, 5, 41, 644431
List the prime factors of 1005549769.
7, 139, 311, 3323
What are the prime factors of 97378749?
3, 13, 832297
What are the prime factors of 1012642822?
2, 29, 61, 193, 1483
What are the prime factors of 4480016?
2, 280001
List the prime factors of 8266644.
2, 3, 76543
List the prime factors of 1402820467.
17, 3253, 25367
List the prime factors of 4499976.
2, 3, 13, 14423
List the prime factors of 85239894.
2, 3, 31, 79, 5801
List the prime factors of 42584677.
17, 2504981
List the prime factors of 11572173.
3, 67, 6397
What are the prime factors of 1232180042?
2, 6367, 96763
What are the prime factors of 752786580?
2, 3, 5, 7, 13, 137873
List the prime factors of 225811263.
3, 23, 239, 13693
List the prime factors of 91145823.
3, 17, 1787173
List the prime factors of 605104708.
2, 13, 59, 127, 1553
What are the prime factors of 1129214153?
31, 36426263
What are the prime factors of 1734317322?
2, 3, 17, 1000183
What are the prime factors of 896805213?
3, 23, 443, 29339
What are the prime factors of 4065625820?
2, 5, 17, 23, 31, 541
List the prime factors of 383354001.
3, 42594889
What are the prime factors of 30113653?
947, 31799
List the prime factors of 1107365434.
2, 7, 463, 170837
List the prime factors of 104896121.
11, 79, 120709
What are the prime factors of 516125885?
5, 11, 769, 12203
List the prime factors of 804884230.
2, 5, 103, 173, 4517
What are the prime factors of 4048659844?
2, 17443, 58027
What are the prime factors of 22278275?
5, 761, 1171
What are the prime factors of 448343929?
11, 43, 947873
List the prime factors of 2732511837.
3, 11, 73, 373, 3041
List the prime factors of 25756456.
2, 11, 487, 601
List the prime factors of 934409131.
17, 89, 617587
List the prime factors of 61738051.
61738051
What are the prime factors of 19134953?
191, 100183
List the prime factors of 2025909258.
2, 3, 337651543
What are the prime factors of 1864873256?
2, 19, 12268903
List the prime factors of 2354075279.
59, 557, 71633
List the prime factors of 271452245.
5, 509, 106661
List the prime factors of 10492615.
5, 7, 113, 379
List the prime factors of 1870531073.
151, 12387623
List the prime factors of 918295906.
2, 11, 41740723
What are the prime factors of 597657047?
13, 23, 127, 15739
What are the prime factors of 747785604?
2, 3, 47, 1325861
List the prime factors of 19438184.
2, 2429773
What are the prime factors of 38537996?
2, 7, 53, 25969
What are the prime factors of 89085008?
2, 1231, 4523
What are the prime factors of 571834502?
2, 285917251
What are the prime factors of 772102358?
2, 947, 407657
What are the prime factors of 24037226?
2, 12018613
List the prime factors of 179474105.
5, 191, 187931
List the prime factors of 237456967.
11, 21586997
What are the prime factors of 81547133?
81547133
What are the prime factors of 75162286?
2, 37581143
What are the prime factors of 61718055?
3, 5, 7, 31, 67, 283
List the prime factors of 45270518.
2, 22635259
What are the prime factors of 3208057603?
19, 168845137
List the prime factors of 563822310.
2, 3, 5, 18794077
List the prime factors of 1844596489.
17107, 107827
List the prime factors of 2369243873.
24793, 95561
What are the prime factors of 507249689?
17, 29838217
What are the prime factors of 1171271113?
23, 107, 475933
What are the prime factors of 1003202?
2, 501601
What are the prime factors of 5206779479?
11, 79, 199, 30109
What are the prime factors of 40509974?
2, 929, 21803
List the prime factors of 5665083401.
1321, 4288481
What are the prime factors of 223825947?
3, 19, 3926771
List the prime factors of 130321321.
13, 10024717
List the prime factors of 94405877.
307, 307511
What are the prime factors of 496070489?
17, 43, 101, 6719
List the prime factors of 486470459.
2699, 180241
List the prime factors of 70023811.
11, 13, 489677
What are the prime factors of 1570948860?
2, 3, 5, 13, 61, 137, 241
What are the prime factors of 5277449?
29, 181981
List the prime factors of 70827617.
7, 10118231
List the prime factors of 628767934.
2, 113, 2782159
What are the prime factors of 2227231407?
3, 29, 25600361
What are the prime factors of 138618311?
13, 2861, 3727
List the prime factors of 22094578.
2, 11, 29, 34631
What are the prime factors of 5060119928?
2, 127, 151, 32983
List the prime factors of 596449282.
2, 11, 13, 2085487
List the prime factors of 2645236455.
3, 5, 9133, 19309
What are the prime factors of 25889475?
3, 5, 345193
What are the prime factors of 6936708550?
2, 5, 138734171
What are the prime factors of 93835856?
2, 571, 10271
List the prime factors of 490807292.
2, 25